 + 3*b - 13. What is t(4)?
3
Let m be (6/14)/(2/14). Let a(f) = 0*f - 2*f + 0*f - m. What is a(-2)?
1
Let j(i) = 3*i**2 - 3*i - 2. Let b(s) = -9*s**2 + 7*s + 5. Let d(f) = -4*b(f) - 11*j(f). Determine d(-3).
14
Let c(t) be the first derivative of t**2 - 5*t - 2. Let f(a) = 2*a - 1. Let q be f(3). Suppose 0 = q*n - 3*n - 4*i - 12, 4 = -4*i. Calculate c(n).
3
Let i be (-5 - (-5 + 1))*8. Let h be (2/(-6))/(i/48). Let y(x) be the third derivative of -x**5/60 + x**4/12 - x**3/2 + x**2. Calculate y(h).
-3
Let a = 11 + -17. Let q(o) = -9*o**3 - 5*o**2 - 3. Let i(p) = -5*p**3 - 2*p**2 - 1. Let g(s) = 7*i(s) - 4*q(s). Give g(a).
5
Let m(w) = w**2 - 6*w + 5. Let t be m(4). Suppose -y - 2*y + 9 = 0. Let f(u) = -2*u**2 + 1 + 3 + 5*u + y*u**2. Give f(t).
-2
Let z(i) = -2 + 6*i**2 + 4 + 3*i - i**2 + i**3. What is z(-5)?
-13
Let q(z) = 3 + 4 + 30*z - 8. Give q(-1).
-31
Suppose m - 7 = -4. Let l = 1 + m. Let c(o) be the first derivative of -o**4/4 + o**3 + 5*o**2/2 - 2*o - 1. Give c(l).
2
Suppose 0 = 7*q - 8*q - 4. Let l(v) be the third derivative of v**5/60 + v**4/6 + v**3/2 - 7*v**2. Give l(q).
3
Let a(w) be the second derivative of 1/24*w**5 + 2*w + 0 + 0*w**2 - 1/12*w**4 - 1/180*w**6 + 1/3*w**3. Let o(u) be the second derivative of a(u). What is o(3)?
-5
Let d(k) = -k**3 - 8*k**2 + 10*k + 4. Let p be d(-9). Let z(a) be the third derivative of a**3 + 1/60*a**5 - 2*a**2 + 5/24*a**4 + 0*a + 0. Determine z(p).
6
Let j(m) = 5*m**2 + m. Suppose 4*a = 2*a + 2. Calculate j(a).
6
Suppose 3*q = -0*i - 3*i + 30, 5*q = -2*i + 35. Suppose i*a + 32 = -8. Let l = 13 + a. Let v(n) = -n**2 + 3*n + 4. Give v(l).
-6
Let i(b) = b + 7. Let z(r) = -3*r + r - 36 - 4*r. Let t(n) = 21*i(n) + 4*z(n). Calculate t(2).
-3
Suppose 2*v + 8 = b, 0 = -4*b + v + 3 + 8. Suppose -2*j - 29 = -a + 3*j, -b*a - j = -3. Let c(g) = -g - a + 4 - g**2. Calculate c(2).
-6
Let w(b) = 0 - b + 1 - b**2 + 0*b + 5*b**3. Let m be 6/3 + -2 + 1. Give w(m).
4
Let r(p) = -p**3 + p**2 - p + 2. Let a be (2/6)/(2/12). Give r(a).
-4
Let d(o) = o**3 + 8*o**2 - o - 6. Let t be d(-8). Let k(j) = 6*j**t - 7*j**2 + 0*j**2. Suppose -v + 1 = -1. Give k(v).
-4
Let f(q) = q**3 - q + 1. Let v be ((-21)/(-9) + -2)*0. Determine f(v).
1
Let h(k) = -k**2 + 3*k + 3. Suppose -8 = -0*r - 2*r. Give h(r).
-1
Let y(p) = -28*p. Let a(h) = h. Let x(k) = 42*a(k) + y(k). What is x(1)?
14
Let x(a) be the first derivative of a**2/2 - a + 5. Calculate x(5).
4
Let m(q) = q**2 - 4*q + 7. Suppose 6*p = 1 + 29. Determine m(p).
12
Let p(h) = 31*h + 31*h + 9 - 64*h. Determine p(6).
-3
Let u = -4 - -4. Let b be u - 0 - (-6 - -7). Let y(v) = 7*v**3 + 0 - 1 + 2*v - 3*v. Calculate y(b).
-7
Let t(q) be the first derivative of 2*q**3 - q**2/2 - q - 4. Let p be t(-1). Let l(x) = -9 + 2*x - 4 + 4. Determine l(p).
3
Let s(j) = j**2 - 10*j - 5. Let g = 9 - -1. Give s(g).
-5
Suppose l + 1 = -0. Suppose 3*g - 2*q = 13, -2*g = -3*g + 3*q + 16. Let a(k) = g - 6*k**2 - 2*k**2 + 3*k**2 + k**2. Determine a(l).
-3
Let q be (1 + -7)*(-2 - (-7)/2). Let z(a) = -a + 4. Give z(q).
13
Let l be (8 - 0) + (-1)/2*4. Let g(h) = -h + 13. Give g(l).
7
Let u(k) be the first derivative of -4*k**3 + k**2/2 + 15. Determine u(1).
-11
Let l(f) = -f**3 + 4*f**2 - 4*f + 3. Let o be l(2). Let c(h) = 0*h**3 + 0*h**3 + h**3 + 6*h**2 + 0 + 4*h - o. Let r(n) = n - 2. Let k be r(-3). Calculate c(k).
2
Let b(p) be the second derivative of p**5/20 - p**4/4 - 2*p**3/3 - p**2/2 + p + 3. Calculate b(4).
-1
Let q(s) = -s**3 + 9*s**2 - 8*s + 9. Suppose -4*g = 5*i - 37, 0 = 4*g - g + i - 25. What is q(g)?
9
Let p(s) = -s**3 + s**2 - s - 1. Let l be 10/40 - 6/(-8). Let k(m) = 5*m**3 - m**2 + 6*m + 3. Let x(q) = l*k(q) + 6*p(q). What is x(5)?
-3
Let b(j) = 3 + 5 + 6*j - 2 - 4 + j**2. What is b(-5)?
-3
Let r = 32 + -37. Let a(h) = h**3 + 4*h**2 - 4*h + 6. Give a(r).
1
Let b(o) be the third derivative of o**5/60 + o**4/4 + o**3/2 + 39*o**2. Calculate b(-5).
-2
Let l(p) = 5*p - 3. Suppose -10*t + 42 = -3*t. What is l(t)?
27
Let j(r) be the third derivative of -r**4/12 + 5*r**3/6 + 2*r**2. Let f be j(5). Let s(l) = 2*l + 4. What is s(f)?
-6
Let l(c) = 3*c + 2. Let o(q) = -25*q - 16. Let r(m) = -51*l(m) - 6*o(m). What is r(-4)?
6
Let a(d) = 3*d - 4*d + 2 - 8*d + 2. Let n(v) = 3*v - 1. Let g(r) = 3*a(r) + 8*n(r). What is g(4)?
-8
Let w(x) be the first derivative of -1 + 1/3*x**3 - x**2 + 1/4*x**4 - 2*x. Let h be -2 + 4 - (-8)/(-2). What is w(h)?
-2
Let t be 1*3 - (-3 - -3). Let g(d) = -5*d**2 - t - d**3 + 9*d**2 - 4*d + 2*d + 3*d. Determine g(3).
9
Let a(f) be the second derivative of f**7/840 - f**6/360 - f**5/30 - f**4/24 - f**3/3 + f. Let k(d) be the second derivative of a(d). Give k(3).
5
Suppose 2*x = -4 - 2. Let s(c) = -c**2 + c - 4. Give s(x).
-16
Let s(f) = -f**3 + f. Let z(m) = -m**3 + m**2 - 1. Let n(h) = -2*s(h) + z(h). Calculate n(2).
7
Suppose -3*w - w + 12 = 0. Let q(m) = -2*m**2 + 4*m - 3. What is q(w)?
-9
Let q be -1 - 0 - (-1 + -5). Let g(h) = -h**3 + 4*h**2 + 4*h - 4. Let y(l) = -5*l**3 + 20*l**2 + 19*l - 20. Let b(v) = 11*g(v) - 2*y(v). Determine b(q).
1
Let q(c) be the third derivative of -c**7/5040 - c**6/360 - c**5/15 + 4*c**2. Let x(m) be the third derivative of q(m). Determine x(5).
-7
Let z(c) = c**2 - 10*c + 12. Let h = -10 + 18. Let q be z(h). Let d(x) be the first derivative of -x**2/2 + 2*x + 2. What is d(q)?
6
Suppose 7 = 5*v - 3. Let x be v - (-1 - -1) - -2. Let z(q) = -q**3 + 4*q**2 + q + 2. What is z(x)?
6
Suppose 5*i - u + 4 = 0, 3*i + 3*u = -i - 7. Let y(o) = -3*o + 1. What is y(i)?
4
Suppose 2*y - i + 2*i = 14, -y = -i - 4. Let q(c) = c - y + c + c. Calculate q(5).
9
Suppose 0 = -4*q - 2*b, b - 22 = -5*q + 4*b. Let v(x) = 10*x - 1. Give v(q).
19
Let b be ((-12)/(-5))/(-2)*5. Let p be ((-3)/b + 0)*-2. Let f(s) = -6*s**2 + 2 - 6 + 3. Give f(p).
-7
Let d(i) = -i**2 - 7*i. Let y be (-60)/14 - -1 - 50/(-175). Calculate d(y).
12
Let g = 0 + 1. Let j(v) = 3*v**3 - v**2 + 1. Let d be j(g). Let t(k) = -k**2 + 4*k. Let a be t(d). Let q(y) = -y**3 + 4*y**2 - 3*y - 3. Determine q(a).
-3
Let u(g) be the first derivative of -2*g**2 + g - 27. Give u(4).
-15
Suppose q + 14 = 3*l - 8*l, -4*l = 4*q - 8. Let f(x) = x**3 + x - 1. Let v(o) = -6*o**2 - 2*o + 1. Let c(z) = -f(z) - v(z). Determine c(q).
6
Let q(n) be the third derivative of -1/15*n**5 + n**2 - 1/120*n**6 - 1/8*n**4 + 1/2*n**3 + 0*n + 0. Suppose 6*i - 4*i + 6 = 0. What is q(i)?
3
Let c be 5/10 - 3/2. Let y(s) = s**3 - s**2 - 4*s - 4. Let u(i) = -i**2. Let m(f) = c*y(f) - 2*u(f). Give m(4).
4
Let p(h) = h + 2. Let o(v) = -v. Let u(y) = 2*o(y) + p(y). Let f be (2/4)/((-1)/(-4)). Suppose -s = -3, -f*m + 6 = 3*s - 11. Calculate u(m).
-2
Let l(j) = -j. Suppose -3*p - 16 = -11*p. Give l(p).
-2
Let f(a) be the second derivative of 3*a + 7/2*a**2 + 5/6*a**3 + 0 - 1/12*a**4. Determine f(6).
1
Let r(t) be the third derivative of t**5/60 - t**4/6 - t**3 - 28*t**2. Let i = 15 - 10. Calculate r(i).
-1
Let z(h) = 1 - 9*h**2 + 3 - 2*h - 3. Let k be (-4)/(-10) - 0 - 39/(-65). Calculate z(k).
-10
Let a(j) = 6*j**2 - 83*j - 7 + 163*j + 0*j**3 - j**3 - 81*j. What is a(6)?
-13
Suppose 4*w = 3*w + 4. Let b(v) = 4 + w*v - 3*v + 0*v**2 + v**2 - 6*v. Determine b(3).
-2
Let q(u) = -5*u**2 - u. Suppose -4*w + 2 = -c - w, -4*c + w + 3 = 0. Let i = -1 - c. Let a = -1 - i. Give q(a).
-6
Let p(r) = 5*r**2 - 4*r**2 - r**2 + 7*r**3 - 1. Let b be p(1). Let k(l) = -l**3 + 5*l**2 + 5*l + 8. Give k(b).
2
Let c(q) = -15*q + 9. Let d(p) = -7*p + 4. Let a = -6 - -1. Let t(r) = a*d(r) + 2*c(r). Determine t(-2).
-12
Let j(y) = y**3 - 10*y**2 + 8*y + 3. Suppose 0 = -2*p - 3*p + 45. What is j(p)?
-6
Let o(p) = -p**2 + p + 2. Let i(f) = 0 + 2 - 3*f**3 + 4*f**3 + 9*f + 10*f**2. Let w be i(-9). What is o(w)?
0
Suppose 2*x + 3*n + 4 = 0, -2*n + 2 = 2*x + 4. Let w be x*(-3)/((-12)/(-20)). Let f(c) = c + 4. Give f(w).
-1
Let z(s) = -2*s. Let u(f) = 7*f - 14. Let g(h) = -6*h + 13. Let k(w) = -6*g(w) - 5*u(w). Let o be k(9). Suppose -v = -0*v - o. What is z(v)?
-2
Let r(x) = x**3 + 5*x**2 - 5*x - 7. Let k(b) = b**3 + 6*b**2 - 5*b - 8. Let j(n) = 3*k(n) - 4*r(n). Determine j(-3).
-2
Let t(q) = q**2 + 2*q + 1. Let m be t(-1). Suppose m*c + 2*c + 4 = 0. Let o(r) = -5 - 5*r + 2 + 1 + 3. Give o(c).
11
Let f(b) = b + 4. Let u(m) = m - 1. Let q be u(0). Let o = 7 + q. What is f(